{"id":1061,"date":"2023-11-23T02:53:50","date_gmt":"2023-11-23T02:53:50","guid":{"rendered":"https:\/\/standardpotenciar.com\/new\/?page_id=1061"},"modified":"2025-08-07T13:27:27","modified_gmt":"2025-08-07T13:27:27","slug":"management-system-iso-45001","status":"publish","type":"page","link":"https:\/\/standardpotenciar.com\/new\/management-system-iso-45001\/","title":{"rendered":"Occupational Health and Safety Management System ISO 45001:2018"},"content":{"rendered":"\t\t<div data-elementor-type=\"wp-page\" data-elementor-id=\"1061\" class=\"elementor elementor-1061\">\n\t\t\t\t\t\t<section class=\"elementor-section elementor-top-section elementor-element elementor-element-e49b023 elementor-section-boxed elementor-section-height-default elementor-section-height-default\" data-id=\"e49b023\" data-element_type=\"section\" data-e-type=\"section\">\n\t\t\t\t\t\t<div class=\"elementor-container elementor-column-gap-default\">\n\t\t\t\t\t<div class=\"elementor-column elementor-col-100 elementor-top-column elementor-element elementor-element-780c788\" data-id=\"780c788\" data-element_type=\"column\" data-e-type=\"column\">\n\t\t\t<div class=\"elementor-widget-wrap elementor-element-populated\">\n\t\t\t\t\t\t<div class=\"elementor-element elementor-element-d80ef93 elementor-widget elementor-widget-heading\" data-id=\"d80ef93\" data-element_type=\"widget\" data-e-type=\"widget\" data-widget_type=\"heading.default\">\n\t\t\t\t<div class=\"elementor-widget-container\">\n\t\t\t\t\t<h2 class=\"elementor-heading-title elementor-size-default\">Occupational Health and Safety Management System ISO 45001:2018<\/h2>\t\t\t\t<\/div>\n\t\t\t\t<\/div>\n\t\t\t\t\t<\/div>\n\t\t<\/div>\n\t\t\t\t\t<\/div>\n\t\t<\/section>\n\t\t\t\t<section class=\"elementor-section elementor-top-section elementor-element elementor-element-9a0abb2 elementor-section-boxed elementor-section-height-default elementor-section-height-default\" data-id=\"9a0abb2\" data-element_type=\"section\" data-e-type=\"section\">\n\t\t\t\t\t\t<div class=\"elementor-container elementor-column-gap-default\">\n\t\t\t\t\t<div class=\"elementor-column elementor-col-100 elementor-top-column elementor-element elementor-element-4ac502d\" data-id=\"4ac502d\" data-element_type=\"column\" data-e-type=\"column\">\n\t\t\t<div class=\"elementor-widget-wrap elementor-element-populated\">\n\t\t\t\t\t\t<div class=\"elementor-element elementor-element-ab0ffde elementor-widget elementor-widget-text-editor\" data-id=\"ab0ffde\" data-element_type=\"widget\" data-e-type=\"widget\" data-widget_type=\"text-editor.default\">\n\t\t\t\t<div class=\"elementor-widget-container\">\n\t\t\t\t\t\t\t\t\t<p><span style=\"vertical-align: inherit;\"><span style=\"vertical-align: inherit;\">Esta es la primera norma internacional que aborda la seguridad y la salud en el trabajo. La normaISO 45001:2018, Sistemas de gesti\u00f3n de la seguridad y la salud en el trabajo. Requisitos con directrices para su aplicaci\u00f3n, ofrece un marco claro y \u00fanico a todas las organizaciones que desean mejorar su desempe\u00f1o en materia de seguridad y salud en el trabajo.<\/span><\/span><\/p>\n<p><span style=\"vertical-align: inherit;\"><span style=\"vertical-align: inherit;\">Entre los aspectos m\u00e1s relevantes de la nueva norma ISO 45001:2018 se encuentran los siguientes: Prevenci\u00f3n de lesiones y deterioro de la salud de los empleados en entornos de trabajo seguros y saludables. Liderazgo y compromiso de la alta direcci\u00f3n, asumiendo la responsabilidad del sistema de gesti\u00f3n.<\/span><\/span><\/p>\n<p><img fetchpriority=\"high\" decoding=\"async\" src=\"http:\/\/standardpotenciar.com\/new\/wp-content\/uploads\/2023\/11\/45001-table_orig-300x191.png\" alt=\"\" width=\"500\" height=\"319\"><\/p>\n<p><em><strong><span style=\"font-size: 18px;\"><span style=\"vertical-align: inherit;\"><span style=\"vertical-align: inherit;\">Beneficios de la&nbsp;<\/span><\/span><\/span><\/strong><\/em><font color=\"#feb201\"><span style=\"font-size: 18px;\"><b><i>ISO 45001:2018<\/i><\/b><\/span><\/font><\/p>\n<p><span style=\"vertical-align: inherit;\"><span style=\"vertical-align: inherit;\">La norma ISO 45001:2018 puede ayudar a ofrecer los siguientes beneficios:<\/span><\/span><\/p>\n<ul>\n<li><span style=\"vertical-align: inherit;\"><span style=\"vertical-align: inherit;\">Aumentar la resiliencia organizacional a trav\u00e9s de la prevenci\u00f3n proactiva de riesgos, la innovaci\u00f3n y la mejora continua.<\/span><\/span><\/li>\n<li><span style=\"vertical-align: inherit;\"><span style=\"vertical-align: inherit;\">Fortalecer el cumplimiento legal y regulatorio y al mismo tiempo reducir las p\u00e9rdidas comerciales.<\/span><\/span><\/li>\n<li><span style=\"vertical-align: inherit;\"><span style=\"vertical-align: inherit;\">Demuestra responsabilidad de marca al comprometerse con un trabajo seguro, saludable y sostenible.<\/span><\/span><\/li>\n<li><span style=\"vertical-align: inherit;\"><span style=\"vertical-align: inherit;\">Un sistema global de seguridad y salud en el trabajo para todas las empresas, de todos los tama\u00f1os.<\/span><\/span><\/li>\n<\/ul>\n<p><em><span style=\"vertical-align: inherit;\"><span style=\"vertical-align: inherit;\"><span style=\"font-size: 18px;\">\u00bfPara qui\u00e9n es adecuada la norma ISO 45001:2018?<\/span><\/span><\/span><\/em><\/p>\n<p><span style=\"vertical-align: inherit;\"><span style=\"vertical-align: inherit;\">La norma es flexible y se puede adaptar para gestionar la salud y la seguridad en el trabajo y se adapta a una amplia gama de organizaciones, entre las que se incluyen:<\/span><\/span><\/p>\n<ul>\n<li><span style=\"vertical-align: inherit;\"><span style=\"vertical-align: inherit;\">Grandes organizaciones y empresas<\/span><\/span><\/li>\n<li><span style=\"vertical-align: inherit;\"><span style=\"vertical-align: inherit;\">Peque\u00f1as y medianas empresas<\/span><\/span><\/li>\n<li><span style=\"vertical-align: inherit;\"><span style=\"vertical-align: inherit;\">Organizaciones p\u00fablicas y sin fines de lucro<\/span><\/span><\/li>\n<li><span style=\"vertical-align: inherit;\"><span style=\"vertical-align: inherit;\">Organizaciones no gubernamentales (ONG) y organizaciones ben\u00e9ficas.<\/span><\/span><\/li>\n<\/ul>\n<p><em><strong><span style=\"font-size: 18px;\"><span style=\"vertical-align: inherit;\"><span style=\"vertical-align: inherit;\">Servicios que ofrecemos:<\/span><\/span><\/span><\/strong><\/em><\/p>\n<p><span style=\"vertical-align: inherit;\"><span style=\"vertical-align: inherit;\">&#8211; Cursos con la Certificaci\u00f3n Internacional de Exemplar Global en:<\/span><\/span><\/p>\n<p><span style=\"vertical-align: inherit;\"><span style=\"vertical-align: inherit;\">o Auditor L\u00edder en ISO 45001:2018<\/span><\/span><\/p>\n<p><span style=\"vertical-align: inherit;\"><span style=\"vertical-align: inherit;\">o Auditores internos<\/span><\/span><\/p>\n<p><span style=\"vertical-align: inherit;\"><span style=\"vertical-align: inherit;\">o An\u00e1lisis de causa ra\u00edz<\/span><\/span><\/p>\n<p><span style=\"vertical-align: inherit;\"><span style=\"vertical-align: inherit;\">&#8211; Consultor\u00eda de implementaci\u00f3n&nbsp;ISO 45001:2018<\/span><\/span><\/p>\n<p><span style=\"vertical-align: inherit;\"><span style=\"vertical-align: inherit;\">&#8211; Realizar auditor\u00edas internas<\/span><\/span><\/p>\n<p><span style=\"vertical-align: inherit;\"><span style=\"vertical-align: inherit;\">&#8211; Realizaci\u00f3n de auditor\u00edas previas para la certificaci\u00f3n&nbsp;ISO 45001:2018<\/span><\/span><\/p>\t\t\t\t\t\t\t\t<\/div>\n\t\t\t\t<\/div>\n\t\t\t\t\t<\/div>\n\t\t<\/div>\n\t\t\t\t\t<\/div>\n\t\t<\/section>\n\t\t\t\t<\/div>\n\t\t","protected":false},"excerpt":{"rendered":"<p>Occupational Health and Safety Management System ISO 45001:2018 Esta es la primera norma internacional que aborda la seguridad y la salud en el trabajo. La normaISO 45001:2018, Sistemas de gesti\u00f3n de la seguridad y la salud en el trabajo. Requisitos con directrices para su aplicaci\u00f3n, ofrece un marco claro y \u00fanico a todas las organizaciones [&hellip;]<\/p>\n","protected":false},"author":1,"featured_media":0,"parent":0,"menu_order":0,"comment_status":"closed","ping_status":"closed","template":"","meta":{"_exactmetrics_skip_tracking":false,"_exactmetrics_sitenote_active":false,"_exactmetrics_sitenote_note":"","_exactmetrics_sitenote_category":0,"_monsterinsights_skip_tracking":false,"_monsterinsights_sitenote_active":false,"_monsterinsights_sitenote_note":"","_monsterinsights_sitenote_category":0,"footnotes":""},"class_list":["post-1061","page","type-page","status-publish","hentry"],"yoast_head":"<!-- This site is optimized with the Yoast SEO plugin v27.1.1 - https:\/\/yoast.com\/product\/yoast-seo-wordpress\/ -->\n<title>Occupational Health and Safety Management System ISO 45001:2018 -<\/title>\n<meta name=\"robots\" content=\"index, follow, max-snippet:-1, max-image-preview:large, max-video-preview:-1\" \/>\n<link rel=\"canonical\" href=\"https:\/\/standardpotenciar.com\/new\/management-system-iso-45001\/\" \/>\n<meta property=\"og:locale\" content=\"en_US\" \/>\n<meta property=\"og:type\" content=\"article\" \/>\n<meta property=\"og:title\" content=\"Occupational Health and Safety Management System ISO 45001:2018 -\" \/>\n<meta property=\"og:description\" content=\"Occupational Health and Safety Management System ISO 45001:2018 Esta es la primera norma internacional que aborda la seguridad y la salud en el trabajo. La normaISO 45001:2018, Sistemas de gesti\u00f3n de la seguridad y la salud en el trabajo. Requisitos con directrices para su aplicaci\u00f3n, ofrece un marco claro y \u00fanico a todas las organizaciones [&hellip;]\" \/>\n<meta property=\"og:url\" content=\"https:\/\/standardpotenciar.com\/new\/management-system-iso-45001\/\" \/>\n<meta property=\"article:modified_time\" content=\"2025-08-07T13:27:27+00:00\" \/>\n<meta property=\"og:image\" content=\"https:\/\/standardpotenciar.com\/new\/wp-content\/uploads\/2023\/11\/45001-table_orig.png\" \/>\n\t<meta property=\"og:image:width\" content=\"837\" \/>\n\t<meta property=\"og:image:height\" content=\"534\" \/>\n\t<meta property=\"og:image:type\" content=\"image\/png\" \/>\n<meta name=\"twitter:card\" content=\"summary_large_image\" \/>\n<meta name=\"twitter:label1\" content=\"Est. reading time\" \/>\n\t<meta name=\"twitter:data1\" content=\"2 minutes\" \/>\n<script type=\"application\/ld+json\" class=\"yoast-schema-graph\">{\"@context\":\"https:\/\/schema.org\",\"@graph\":[{\"@type\":\"WebPage\",\"@id\":\"https:\/\/standardpotenciar.com\/new\/management-system-iso-45001\/\",\"url\":\"https:\/\/standardpotenciar.com\/new\/management-system-iso-45001\/\",\"name\":\"Occupational Health and Safety Management System ISO 45001:2018 -\",\"isPartOf\":{\"@id\":\"https:\/\/standardpotenciar.com\/new\/#website\"},\"primaryImageOfPage\":{\"@id\":\"https:\/\/standardpotenciar.com\/new\/management-system-iso-45001\/#primaryimage\"},\"image\":{\"@id\":\"https:\/\/standardpotenciar.com\/new\/management-system-iso-45001\/#primaryimage\"},\"thumbnailUrl\":\"http:\/\/standardpotenciar.com\/new\/wp-content\/uploads\/2023\/11\/45001-table_orig-300x191.png\",\"datePublished\":\"2023-11-23T02:53:50+00:00\",\"dateModified\":\"2025-08-07T13:27:27+00:00\",\"breadcrumb\":{\"@id\":\"https:\/\/standardpotenciar.com\/new\/management-system-iso-45001\/#breadcrumb\"},\"inLanguage\":\"en-US\",\"potentialAction\":[{\"@type\":\"ReadAction\",\"target\":[\"https:\/\/standardpotenciar.com\/new\/management-system-iso-45001\/\"]}]},{\"@type\":\"ImageObject\",\"inLanguage\":\"en-US\",\"@id\":\"https:\/\/standardpotenciar.com\/new\/management-system-iso-45001\/#primaryimage\",\"url\":\"https:\/\/standardpotenciar.com\/new\/wp-content\/uploads\/2023\/11\/45001-table_orig.png\",\"contentUrl\":\"https:\/\/standardpotenciar.com\/new\/wp-content\/uploads\/2023\/11\/45001-table_orig.png\",\"width\":837,\"height\":534},{\"@type\":\"BreadcrumbList\",\"@id\":\"https:\/\/standardpotenciar.com\/new\/management-system-iso-45001\/#breadcrumb\",\"itemListElement\":[{\"@type\":\"ListItem\",\"position\":1,\"name\":\"Home\",\"item\":\"https:\/\/standardpotenciar.com\/new\/\"},{\"@type\":\"ListItem\",\"position\":2,\"name\":\"Occupational Health and Safety Management System ISO 45001:2018\"}]},{\"@type\":\"WebSite\",\"@id\":\"https:\/\/standardpotenciar.com\/new\/#website\",\"url\":\"https:\/\/standardpotenciar.com\/new\/\",\"name\":\"\",\"description\":\"\",\"publisher\":{\"@id\":\"https:\/\/standardpotenciar.com\/new\/#organization\"},\"potentialAction\":[{\"@type\":\"SearchAction\",\"target\":{\"@type\":\"EntryPoint\",\"urlTemplate\":\"https:\/\/standardpotenciar.com\/new\/?s={search_term_string}\"},\"query-input\":{\"@type\":\"PropertyValueSpecification\",\"valueRequired\":true,\"valueName\":\"search_term_string\"}}],\"inLanguage\":\"en-US\"},{\"@type\":\"Organization\",\"@id\":\"https:\/\/standardpotenciar.com\/new\/#organization\",\"name\":\"Potenciar International SLL\",\"url\":\"https:\/\/standardpotenciar.com\/new\/\",\"logo\":{\"@type\":\"ImageObject\",\"inLanguage\":\"en-US\",\"@id\":\"https:\/\/standardpotenciar.com\/new\/#\/schema\/logo\/image\/\",\"url\":\"https:\/\/i0.wp.com\/standardpotenciar.com\/new\/wp-content\/uploads\/2021\/07\/cropped-logo-potenciar-letras-azules-11-1.png?fit=20721%2C5341&ssl=1\",\"contentUrl\":\"https:\/\/i0.wp.com\/standardpotenciar.com\/new\/wp-content\/uploads\/2021\/07\/cropped-logo-potenciar-letras-azules-11-1.png?fit=20721%2C5341&ssl=1\",\"width\":20721,\"height\":5341,\"caption\":\"Potenciar International SLL\"},\"image\":{\"@id\":\"https:\/\/standardpotenciar.com\/new\/#\/schema\/logo\/image\/\"}}]}<\/script>\n<!-- \/ Yoast SEO plugin. -->","yoast_head_json":{"title":"Occupational Health and Safety Management System ISO 45001:2018 -","robots":{"index":"index","follow":"follow","max-snippet":"max-snippet:-1","max-image-preview":"max-image-preview:large","max-video-preview":"max-video-preview:-1"},"canonical":"https:\/\/standardpotenciar.com\/new\/management-system-iso-45001\/","og_locale":"en_US","og_type":"article","og_title":"Occupational Health and Safety Management System ISO 45001:2018 -","og_description":"Occupational Health and Safety Management System ISO 45001:2018 Esta es la primera norma internacional que aborda la seguridad y la salud en el trabajo. La normaISO 45001:2018, Sistemas de gesti\u00f3n de la seguridad y la salud en el trabajo. Requisitos con directrices para su aplicaci\u00f3n, ofrece un marco claro y \u00fanico a todas las organizaciones [&hellip;]","og_url":"https:\/\/standardpotenciar.com\/new\/management-system-iso-45001\/","article_modified_time":"2025-08-07T13:27:27+00:00","og_image":[{"width":837,"height":534,"url":"https:\/\/standardpotenciar.com\/new\/wp-content\/uploads\/2023\/11\/45001-table_orig.png","type":"image\/png"}],"twitter_card":"summary_large_image","twitter_misc":{"Est. reading time":"2 minutes"},"schema":{"@context":"https:\/\/schema.org","@graph":[{"@type":"WebPage","@id":"https:\/\/standardpotenciar.com\/new\/management-system-iso-45001\/","url":"https:\/\/standardpotenciar.com\/new\/management-system-iso-45001\/","name":"Occupational Health and Safety Management System ISO 45001:2018 -","isPartOf":{"@id":"https:\/\/standardpotenciar.com\/new\/#website"},"primaryImageOfPage":{"@id":"https:\/\/standardpotenciar.com\/new\/management-system-iso-45001\/#primaryimage"},"image":{"@id":"https:\/\/standardpotenciar.com\/new\/management-system-iso-45001\/#primaryimage"},"thumbnailUrl":"http:\/\/standardpotenciar.com\/new\/wp-content\/uploads\/2023\/11\/45001-table_orig-300x191.png","datePublished":"2023-11-23T02:53:50+00:00","dateModified":"2025-08-07T13:27:27+00:00","breadcrumb":{"@id":"https:\/\/standardpotenciar.com\/new\/management-system-iso-45001\/#breadcrumb"},"inLanguage":"en-US","potentialAction":[{"@type":"ReadAction","target":["https:\/\/standardpotenciar.com\/new\/management-system-iso-45001\/"]}]},{"@type":"ImageObject","inLanguage":"en-US","@id":"https:\/\/standardpotenciar.com\/new\/management-system-iso-45001\/#primaryimage","url":"https:\/\/standardpotenciar.com\/new\/wp-content\/uploads\/2023\/11\/45001-table_orig.png","contentUrl":"https:\/\/standardpotenciar.com\/new\/wp-content\/uploads\/2023\/11\/45001-table_orig.png","width":837,"height":534},{"@type":"BreadcrumbList","@id":"https:\/\/standardpotenciar.com\/new\/management-system-iso-45001\/#breadcrumb","itemListElement":[{"@type":"ListItem","position":1,"name":"Home","item":"https:\/\/standardpotenciar.com\/new\/"},{"@type":"ListItem","position":2,"name":"Occupational Health and Safety Management System ISO 45001:2018"}]},{"@type":"WebSite","@id":"https:\/\/standardpotenciar.com\/new\/#website","url":"https:\/\/standardpotenciar.com\/new\/","name":"","description":"","publisher":{"@id":"https:\/\/standardpotenciar.com\/new\/#organization"},"potentialAction":[{"@type":"SearchAction","target":{"@type":"EntryPoint","urlTemplate":"https:\/\/standardpotenciar.com\/new\/?s={search_term_string}"},"query-input":{"@type":"PropertyValueSpecification","valueRequired":true,"valueName":"search_term_string"}}],"inLanguage":"en-US"},{"@type":"Organization","@id":"https:\/\/standardpotenciar.com\/new\/#organization","name":"Potenciar International SLL","url":"https:\/\/standardpotenciar.com\/new\/","logo":{"@type":"ImageObject","inLanguage":"en-US","@id":"https:\/\/standardpotenciar.com\/new\/#\/schema\/logo\/image\/","url":"https:\/\/i0.wp.com\/standardpotenciar.com\/new\/wp-content\/uploads\/2021\/07\/cropped-logo-potenciar-letras-azules-11-1.png?fit=20721%2C5341&ssl=1","contentUrl":"https:\/\/i0.wp.com\/standardpotenciar.com\/new\/wp-content\/uploads\/2021\/07\/cropped-logo-potenciar-letras-azules-11-1.png?fit=20721%2C5341&ssl=1","width":20721,"height":5341,"caption":"Potenciar International SLL"},"image":{"@id":"https:\/\/standardpotenciar.com\/new\/#\/schema\/logo\/image\/"}}]}},"_links":{"self":[{"href":"https:\/\/standardpotenciar.com\/new\/wp-json\/wp\/v2\/pages\/1061","targetHints":{"allow":["GET"]}}],"collection":[{"href":"https:\/\/standardpotenciar.com\/new\/wp-json\/wp\/v2\/pages"}],"about":[{"href":"https:\/\/standardpotenciar.com\/new\/wp-json\/wp\/v2\/types\/page"}],"author":[{"embeddable":true,"href":"https:\/\/standardpotenciar.com\/new\/wp-json\/wp\/v2\/users\/1"}],"replies":[{"embeddable":true,"href":"https:\/\/standardpotenciar.com\/new\/wp-json\/wp\/v2\/comments?post=1061"}],"version-history":[{"count":16,"href":"https:\/\/standardpotenciar.com\/new\/wp-json\/wp\/v2\/pages\/1061\/revisions"}],"predecessor-version":[{"id":1207,"href":"https:\/\/standardpotenciar.com\/new\/wp-json\/wp\/v2\/pages\/1061\/revisions\/1207"}],"wp:attachment":[{"href":"https:\/\/standardpotenciar.com\/new\/wp-json\/wp\/v2\/media?parent=1061"}],"curies":[{"name":"wp","href":"https:\/\/api.w.org\/{rel}","templated":true}]}}